4)/(j/27) + 2?
2, 41
Let w = 618 + -1009. What are the prime factors of (-4 - (w - -1)) + -6?
2, 5, 19
Suppose 0 = h + 437 - 280. Let x = h + 1005. What are the prime factors of x?
2, 53
Let r(l) = 53*l**2 - 34*l + 130. Let y be r(4). Suppose -p = 5*c - 804 - 1313, 2*p - y = -2*c. List the prime factors of c.
2, 53
Let o(c) = -c**3 + 7*c**2 + 6*c + 13. Let k be o(7). Let s = k + -39. What are the prime factors of 3/12 - (-508)/s?
2
What are the prime factors of -57864*(-51)/((-918)/(-12))?
2, 2411
List the prime factors of (-278870)/(-35) + -2 - 13/((-455)/10).
2, 7, 569
Let x(r) = -31*r + 0*r**2 + 7*r**2 + 23647 - 23669 + 5*r**2. What are the prime factors of x(11)?
3, 11
Let u(b) = -b - 19. Let y be u(-17). Let m be y + (0 - 2) + (79 - 6). Suppose -148 = -4*g - 4*s, -s = -2*g + m + 5. What are the prime factors of g?
37
What are the prime factors of (-20 + -2 + 514)/((-1)/(-15))?
2, 3, 5, 41
Suppose -43*l = -662488 - 561163. List the prime factors of l.
11, 13, 199
Let x(d) = -d**2 + 26*d + 31. Let m be x(27). What are the prime factors of (-13)/(39/(-1410))*10/m?
5, 47
Let f = 2508 - 1024. What are the prime factors of f?
2, 7, 53
Let k(a) = 852*a**3 + a. Let d(i) = 1705*i**3 - i**2 + 3*i. Let q(z) = -2*d(z) + 5*k(z). List the prime factors of q(1).
23, 37
Suppose 13*a - 14 = 25. Suppose -15 = -a*w, 4*z + w - 368 = 57. List the prime factors of z.
3, 5, 7
Let u(o) be the second derivative of o**4/12 + 8*o**3/3 - 18*o**2 + 38*o. Let i be u(-18). Suppose -f + 6*f - 1120 = i. List the prime factors of f.
2, 7
Let g = 65969 - 17703. What are the prime factors of g?
2, 24133
Let b(y) = 15*y**2 + 19*y - 36. Let t be b(14). Let a = t + -1524. What are the prime factors of a?
2, 823
Let l(r) = -12*r + 77. Let q be l(5). Let x(w) = -w**3 + 19*w**2 + 9*w - 14. List the prime factors of x(q).
3, 239
Suppose 0 = 4*d - 12, -d = 70*m - 74*m - 43. Suppose -4*b - 3 = 9. What are the prime factors of ((-18)/(-30)*48)/(b/m)?
2, 3
Suppose -4*h + 1923 = -3*i, -2*h - 2*i + 515 = -429. Suppose 0 = 4*v + 3*z - 2048, -5*z = v - 35 - h. List the prime factors of v.
2
Suppose -19*t + 2*t = -2278. Let q = 378 - t. What are the prime factors of q?
2, 61
Let s = 376 - 356. Let a(l) = -l**2 + 22*l + 19. List the prime factors of a(s).
59
Suppose 4*i = -3*k + 4, 4 = 2*i + 2*k - k. Suppose 109 = d + 9*n - i*n, -d - 4*n = -114. List the prime factors of d.
2, 67
Suppose 5*d = 25, -5*d = i + 57 - 142. Suppose 44 = 5*x + 3*u, -4*x = -5*x + 3*u - 2. Suppose 10*h - i = x*h. What are the prime factors of h?
2, 5
Let t(c) = -1172*c + 815. What are the prime factors of t(-5)?
3, 5, 89
Let w = -59239 + 83512. List the prime factors of w.
3, 29, 31
Suppose y + 4*y + 5*t - 35 = 0, -t + 43 = 4*y. Suppose 5*h - y - 8 = 0. List the prime factors of -46*((h - 2) + -3)/1.
2, 23
Suppose -73*s = 72*s - 795905. What are the prime factors of s?
11, 499
Suppose -6*k + 8212 - 3190 = 0. Let q = -54 + k. Suppose 0 = 3*g - 4*f - 780, 2*g = -g + 3*f + q. List the prime factors of g.
2, 3, 11
Let w be (1 - (-36)/20)*(-6 - -36). List the prime factors of w/(-462) - 1839/(-11).
167
Let x(p) = 17*p**2 + 17*p - 21. What are the prime factors of x(29)?
3, 547
Suppose -2*k + h + 100 = -98, 0 = -k - h + 105. Let j = k - 46. List the prime factors of 20*(j/(-50))/((-1)/4).
2, 11
Suppose 15*l - 43338 = 25002. What are the prime factors of l?
2, 17, 67
Suppose -20*m = -9*m - 32285. What are the prime factors of m?
5, 587
Let u(b) = -63277*b**3 + 33*b**2 + 34*b. What are the prime factors of u(-1)?
2, 3, 5273
Let f(c) = -c + 19. Let j be f(4). Suppose -j = -9*a + 21. Let i(z) = 30*z - 24. What are the prime factors of i(a)?
2, 3
Suppose 35*c - 468 = -4*c. Suppose -3*y + 4337 = 10*o - c*o, -y - 2*o = -1459. List the prime factors of y.
3, 7, 23
Suppose 4*t + 61*t + 6*t = 2365578. List the prime factors of t.
2, 3, 617
Let g(q) = 95*q + 711. List the prime factors of g(86).
83, 107
Let j(r) = 5*r - 157. Let q be j(31). What are the prime factors of (-2 - (-5 - q))*408?
2, 3, 17
Let q(g) = -122*g + 13. Let p be q(-1). Let w(h) = -77*h**3 + 5*h**2 + 7*h + 5. Let y be w(-2). Suppose 6*a - p = y. List the prime factors of a.
127
Let d(k) = 212*k - 72. Let w be d(15). Let t = 4503 - w. What are the prime factors of t?
3, 5, 31
Let y(w) be the second derivative of w**4/6 - w**3/2 - w**2/2 + 9*w - 4. What are the prime factors of y(7)?
2, 19
Let i(n) = 5*n - 26. Let a be i(6). Suppose 0 = 2*r + 2*d - 956, -a*r - 962 = -6*r - 4*d. Let l = r - 317. List the prime factors of l.
2, 79
Let n = -19267 - -28380. List the prime factors of (1/1)/(-8 - n/(-1139)).
17, 67
Let r(u) = 187*u - 815. Let k be r(4). Let i = -455 + 145. Let w = k - i. What are the prime factors of w?
3
Let r = 25712 + -14955. List the prime factors of r.
31, 347
Let g(b) = -b**3 + 2*b**2 - 34*b + 356. What are the prime factors of g(-21)?
11213
Let p(o) = -7*o**3 - 24*o**2 + 8*o + 49. Let j be p(-9). Let i = j - 2087. What are the prime factors of i?
1049
Let c be 3 + -1 + -3 + 3. Suppose 15 = -3*q - 0*q, 0 = -c*a + 2*q + 98. Let b = 98 - a. List the prime factors of b.
2, 3
Suppose -16251 = -3*d + 3*t - 1590, d - 4*t = 4899. List the prime factors of d.
19, 257
Let g(p) = 21*p**2 + 132*p - 1. What are the prime factors of g(-14)?
2267
Let n = 283 - -141. Suppose c = v + n, 4*c - 2196 = 3*v - 498. What are the prime factors of c?
2, 3, 71
Let x(v) = -15*v**3 - 161*v**2 - 16*v - 16. List the prime factors of x(-12).
2, 7, 13
Suppose -8*j - 292 = 156. Let y = -51 - j. Suppose 5*o = y*h + 1165, -5*o - 2*h + 1169 = -5*h. List the prime factors of o.
5, 47
Let l(c) = 11992*c - 2126. What are the prime factors of l(2)?
2, 3, 3643
Suppose 2 - 18 = -8*t. Let r be (t - 2)/(3 + 0 + 1). Suppose 2*s + 3*s - 170 = r. List the prime factors of s.
2, 17
Let h(j) = 333*j - 13. Let l be h(1). Let i = -75 + l. List the prime factors of i.
5, 7
Let b(k) = 28*k**3 - k**2 - 38*k + 54. Let g(f) = 13*f**3 - 18*f + 27. Let q(m) = -3*b(m) + 7*g(m). What are the prime factors of q(4)?
5, 19
Let o(d) = 26*d + 9. Let a be o(0). Let n(h) = h**3 + 2*h + 27. List the prime factors of n(a).
2, 3, 43
Let o be 836 + 6 + 3*-4. Suppose 154 = -4*g + o. List the prime factors of g.
13
Suppose -5*j = 0, -3*j + 6*j = -2*r + 10. Suppose 0 = r*u - 442 - 4533. What are the prime factors of u?
5, 199
Let l(q) = -q - 1. Let i(y) = 13*y - 7. Let m(c) = 3*i(c) + 24*l(c). Let t be m(6). Let b = -34 + t. What are the prime factors of b?
11
Let g(q) = -39*q - 182. Let x be g(-23). Let o = x - 686. List the prime factors of o.
29
Suppose 26 = 9*u + 4*u. Suppose -5*v + 5*k - 2*k = -2683, 5*v - u*k = 2682. What are the prime factors of v?
2, 67
Suppose 342160 = 60*s - 688040. List the prime factors of s.
2, 5, 17, 101
Let d = 4486 + 2793. List the prime factors of d.
29, 251
Let g = -9947 - -13935. What are the prime factors of g?
2, 997
Let v = -3356 + 4223. What are the prime factors of v?
3, 17
Let i(n) = n**2 + 4*n - 27. Let v(u) = -u**3 + 10*u**2 + 2*u + 17. Let m be v(10). Suppose 5*l - m = -12, -4*g - l = 39. List the prime factors of i(g).
2, 5
Suppose a - l + 2 = 0, -a + 0*a - 5*l = -22. Let t(z) = 19*z - 2 + 2 - 51*z**2 + 50*z**a. What are the prime factors of t(13)?
2, 3, 13
Let r(u) = 3*u**3 + 386*u**2 + 253*u + 522. What are the prime factors of r(-128)?
2, 3, 151
Let n(c) = 33*c**3 + 16*c**2 - 9*c + 5. What are the prime factors of n(6)?
5, 1531
Suppose -x - 3*x + 3877 = -3*d, d = -3. Suppose 2*j = x - 329. Suppose -j + 67 = -3*f. What are the prime factors of f?
2, 3, 7
What are the prime factors of (-15)/35 - (37710/(-35) - -5)?
2, 67
Let g = 1216 + -743. Let y = -237 + g. What are the prime factors of y?
2, 59
Let q = -2793 - -4116. List the prime factors of q.
3, 7
Suppose -5*f + 7659 = d - 2682, 2*d + f - 20628 = 0. List the prime factors of d.
3, 7, 491
Let x = -3980 - -6691. List the prime factors of x.
2711
Let v be 1457 + 5 + 0 + -1. Let n = v + -1018. Suppose h + 3*j = 5*j + 79, 0 = -5*h - 2*j + n. List the prime factors of h.
3, 29
Let h = -4086 + 8060. What are the prime factors of h?
2, 1987
Let v(y) = 30*y**2 + y + 47. List the prime factors of v(6).
11, 103
Let b = -156 - -181. Let g(u) = -u**3 + 25*u**2 + 10*u - 40. What are the prime factors of g(b)?
2, 3, 5, 7
Let q(s